) - (32 - (1 - 50))
-94
Evaluate -2 + 76 - ((-11 - -2) + -72 + 94).
61
(-3 - -39 - (15 - -3)) + 13
31
22 + -24 + 40 - (46 + -28)
20
What is the value of 80 - (-94 - -72) - 102?
0
What is 70 - (8 + 48 - 25)?
39
(-87 - -92 - (-6 + -29)) + -84
-44
Evaluate (-5 - -17) + (-2 - (74 - 2)) + (230 - 234).
-66
What is the value of 8 + 0 + -48 + (181 - 180 - (0 - 12))?
-27
Evaluate (-32 - -13 - 7 - 9) + (-5 - (-7 - -13)).
-46
-22 - (-6 + (5 - -41 - 16))
-46
Evaluate 238 + (-53 - 164) - (26 - 0).
-5
Calculate 5 + -2 + (25 + (6 - 3 - 6) - 1).
24
(10 - (45 - 41)) + -5
1
12 - (3 - (8 + -21 - -27))
23
Evaluate -784 + 752 + 98 + 1.
67
What is the value of 32 - ((-8 - -36) + -25 + -17)?
46
-20 - ((-6 - (1 + -3)) + -21)
5
Calculate -15 + -88 + (-58 - -115).
-46
What is the value of -1 - -10 - (-24 + 26 - (8 - 3))?
12
Evaluate 112 + -35 + (45 - 62).
60
3 + -3 + (9 - (14 + 4)) + 2 - -51
44
Calculate (-5 - -32 - 99) + (4 + -3 - -14) + -5.
-62
What is the value of (6 - (12 - (4 + 2))) + (29 - -7)?
36
What is -5 + (-51 - (-4 - -1)) + (-58 - -130) + -86?
-67
Evaluate 711 + -919 + 94 + -2.
-116
Evaluate -23 - (-166 + 157 + (12 - -1) - 17).
-10
Evaluate 22 + -43 + -16 + 85 + -79.
-31
What is -26 - -35 - (7 + -22 + 6)?
18
Calculate (-24 + 22 - (4 + 2 + -3 + 6)) + -29.
-40
(-89 - -6) + (0 - -6) + (8 - 17)
-86
What is the value of -26 - (-23 - (58 + -43))?
12
What is the value of -29 + -33 + 71 + (22 - -20) + (-2 - 0)?
49
What is the value of -2 + -7 + (17 - 10) + 79?
77
105 + -6 + (32 - 26) + (-6 - (-1 + -13))
113
What is ((2 - 5) + 0 + -23 - (10 + -1)) + 6?
-29
Evaluate (1 + 9 - (66 + (24 - 16) + -19)) + 3.
-42
8 - (37 - 15 - (3 + 5))
-6
What is -2 - ((0 - (53 - 11)) + 4) - 10?
26
20 - (28 + 7 + 12 - -7)
-34
What is -17 - ((13 - 1) + (245 - 155))?
-119
60 + 2 + 15 + (-19 - (2 - 7))
63
6 + -9 + -8 + 1 + 4 - (-45 - -14)
25
What is (-5 - (6 + -2)) + (2 - -9) - 28?
-26
-5 - ((-1 - 59) + (-154 - -151) - -13)
45
What is -6 + (29 - 78) + 31?
-24
Calculate 4 + -1 + 0 - (20 - -23).
-40
Evaluate (-258 + 328 - 93) + 123 + 0.
100
64 + (-44 - -28) + (-7 + 8 - -16)
65
What is 0 + (-8 - 0) - (-162 - -139)?
15
Evaluate (-45 - -135 - 68 - (21 + 0)) + 16.
17
(31 - (-44 + 68)) + 43
50
Calculate (11 - (-5 + (-11 - -28) + -2 + 13)) + 19.
7
What is the value of (4 - (-19 + 18 + -17)) + -7 + -4 + 3?
14
-5 + (10 - -30) + -36 - -45
44
-2 + -15 + 12 + 7 - (3 - -6 - 77)
70
(-1 - (-4 + 3)) + (-2229 - -2231)
2
(-397 - -384 - (-2 + 4 + 2)) + 11
-6
What is (24 + -33 - -32) + 18?
41
What is the value of -2 - 2 - (78 + -70 - 13)?
1
What is 19 - (-4 - (-36 + 21) - -28)?
-20
Evaluate 8 + (-15 + 27 + -13 - (-1 - -31)).
-23
Calculate 14 - (1 + 46) - 4.
-37
What is 67 - (-3 + (40 - (5 + 23)))?
58
Evaluate -29 + 0 + 122 + -9 + -104.
-20
35 - ((85 - 42) + 56)
-64
45 + (88 - (-5 + 49))
89
Calculate 0 + 54 + -61 + (-7 - -3) + 71 + 5.
65
Calculate (72 - (6 - -45)) + 19.
40
What is 106 - -3 - (117 + -16 - 108)?
116
43 + -84 - (0 + -8 + (60 - 40))
-53
Calculate 15 + (-9 - (-21 - -29)).
-2
What is (-55 + 25 - -119) + (-22 - -2) - (-1 - -3)?
67
Calculate -13 + (1 - -10) + (18 - (-22 + 39) - 2).
-3
What is the value of -34 + (-72 - (60 - 111))?
-55
12 - -91 - ((9 - 4) + 8 - (-6 - -10))
94
Evaluate -72 + 1 - (-2517 + 2486).
-40
Calculate 7358 + -7328 + 1 + -12.
19
What is the value of 60 - (82 + -26 + 68)?
-64
What is the value of -7 + 19 + (-116 - -100)?
-4
-67 - -65 - (-41 - -2) - (-13 + 17)
33
(-137 - -10) + 97 - (30 + 1)
-61
What is -1 + 18 + -26 + 6 - -78?
75
Evaluate -26 - (-65 - (-42 - 30)).
-33
(-26 - 87 - -139) + -75 + 0
-49
Evaluate 7 - (-196 + 213 + (-8 - 3)).
1
Evaluate -3 + 14 + 18 + 54 + -58.
25
What is the value of (1 - -6 - (41 - (36 + -9))) + 23?
16
Calculate -152 + (190 - 129) - -8.
-83
What is the value of 2 - 110 - (27 + (-13 + 7 - 15) + -13)?
-101
-96 + (284 - 148) + -161
-121
What is 27 + 0 + (62 - 76) - 42?
-29
Calculate (4 - (18 - 3)) + (-205 - -174) + -56 + -3.
-101
(979 - 1011) + 44 + -1 - -19
30
What is the value of 13 + (54 - 11 - 54)?
2
What is -75 + (-62 + 70 - -72)?
5
What is 22 + (45 - (44 - (18 - 2)))?
39
What is 77 + -26 + -75 - -69?
45
Calculate 4 - (3 + -14 - (11 + (-2 - 14) + -27)).
-17
(-15 - 56 - -69) + -28
-30
What is (3 - (-35 - -17 - -7 - 79)) + 5?
98
Evaluate -12 - (-10 + 83 + -53).
-32
What is 2 - 23 - (1753 - 1778)?
4
What is the value of (-22 - 1) + (-23 - (-32 + 22 - 28))?
-8
Calculate -149 + 0 - (8202 + -8210).
-141
Evaluate 8 + 105 - (279 - 160).
-6
What is 15 + (-7 - -4 - 1) - (-134 + 81 + 51)?
13
Evaluate -5 - (-2 + (0 - -6 - 32)).
23
What is the value of -60 - (-50 + 63 + -52)?
-21
Calculate 209 - (373 + -186) - (-33 - 0).
55
What is 26 + -4 + -42 - -12?
-8
Evaluate (0 + -23 - 1) + (-292 - -329).
13
What is ((29 - 31) + 4 - -16) + (-3 - 2)?
13
Evaluate (-23 - -15 - (2 + 4)) + (-12 - -8).
-18
What is the value of 13 - (67 + -5) - -67?
18
What is the value of 21 + 6 - 11 - (-34 + 79)?
-29
What is the value of -35 - (-8 + -21 + (55 - (-20 + 37)))?
-44
What is the value of -29 + -33 + -19 - -17?
-64
What is the value of 52 - 40 - (46 - (0 + -4 + -2))?
-40
What is -11 + -76 + (4 - (-30 - -21 - (-8 + -1)))?
-83
Calculate -34 - -45 - (-109 + (2 - 0) - (-74 - -70)).
114
29 - (0 + 8 + 1 + (-175 + 83 - -94))
18
(-53 - (12 + -24)) + (-7 - -2) + -11 + -2
-59
What is 6 + ((-4 - -3) + 0 - (4 + 6)) - 8?
-13
What is the value of -4 + -1 - 53 - (11 + -9) - -6?
-54
What is the value of 41 + (-14 - -1) + 25 + -2?
51
What is 58 + (35 - (15 - -37))?
41
Calculate 16 + 0 + (1175 - 1196).
-5
Calculate (0 - -6 - 8) + (0 - 103) - (-573 + 588).
-120
What is 0 + -81 + (113 - 130 - -28)?
-70
What is the value of (-14 - 11) + (2 - -41) + 13?
31
Evaluate (2 - 13) + -22 - (2 + 2 + 4) - -11.
-30
Calculate 50 + -17 - (86 - -34 - -37).
-124
Evaluate (-3 - ((-11 - -8) + 0)) + 36 + 5 + 5.
46
Evaluate -51 - -100 - (9 - 3 - 9) - 9.
43
Evaluate (8 + 3 - -11) + (0 - 22) + -40.
-40
10 - 43 - -60 - (8 - 16)
35
What is the value of 128 + -46 + (-14 - -30) + 18?
116
Calculate 13 - (-245 + 234 - (-12 + -3 + 5 + -4)).
10
What is the value of (-3 + 3 - -7) + (559 - 559)?
7
31 - (0 - ((-2 - -6) + (-17 - -13) + -10))
21
Evaluate 10 - ((-12 - -11) + 4 + (2 - -15)) - 35.
-45
What is the value of (-7 - -9 - 27) + 10?
-15
Calculate 7 + 43 + (15 - -1) - (2 - 0).
64
What is the value of (-42 - 6) + -25 - (18 - 12)?
-79
Calculate -81 + 4 + (-15 - (-1 + 0 - 9)) - -13.
-69
101 - (7 + 20 + 74)
0
What is the value of (-29 - -38) + 49 - 14?
44
0 + 2 + (-227 - -91 - -137)
3
What is the value of -1 + (5 - -5) + (1 - (8 - 11) - 8)?
5
24 - ((23 - -1) + -518 + 516)
2
What is -20 + (20 - (-10 + 20) - 6)?
-16
What is the value of -56 - (-106 + 18) - -70?
102
Evaluate -52 + -13 + 26 - -9.
-30
-166 - (-184 - -104) - -103
17
Calculate (2 - -15) + -14 + (-20 - -37) + -16.
4
Calculate 58 + -16 + 22 - 40.
24
Calculate 1 + -36 + (3 + 17 - -7) + -26 - -7.
-27
-73 + -63 + 143 - (2 - (-19 - -2)) - 56
-68
-10 - (-111 - 16 - -3)
114
Evaluate (-22 + 10 - -20) + (-2 - -3) + 17.
26
What is the value of -2 + 6 + 34 + (3440 - 3451)?
27
What is the value of 3 - 23 - (30 - (-11 - 4 - -22))?
-43
What is the value of (-96 - -268) + -206 + (-13 - 0)?
-47
Evaluate (-19 - (-25 + 6) - -20 - 31) + -50.
-61
-148 - (10 + (-80 - (-17 + -25)))
-120
What is 76 + -2 + -25 + (14 - 7)?
56
Calculate 39 + (8 - 11) + -76 + -68.
-108
Evaluate 5 - ((7 - 5) + 28).
-25
Evaluate 0 - 38 - (63 + -15 + -49).
-37
Evaluate -1 + -14 + (-26 - -40) + -25 + 25.
-1
-24 + 20 + (-24 - -22) - 28
-34
What is the value of (18 + -4 - (189 - 153) - -127) + -1 + 0?
104
5 - (1 - (13 + -7) - (-14 + 59)) - -9
64
-38 - (-4 + 24 - 27)
-31
Calculate -64 + (120 - -106) + -108.
54
What is the value of 0 + 36 + 38 + -21 + (-38 - -34)?
49
Calculate -7 - -1 - ((-26 - -30) + -9 - (11 - -1)).
11
What is -646 + 638 + (0 - 42)?
-50
Evaluate (8 - -8 - ((-18 - -8) + -8)) + 1 + 0.
35
Evaluate ((20 - (5 - -1)) + -7 - 11) + -1.
-5
What is 0 - (-6 + 0 + -2 + 1 + 706 + -704)?
5
Calculate 92 + -83 - -78 - 115.
-28
-66 + -40 + (-20 - -60)
-66
8 + -1 + (28 + 15 + -27 - 4)
19
-3 + -1561 + 1566 + (0 - 2 - -6)
6
(24 - (3 - (4 - (-13 - -20)))) + 11
29
53 + (-28 + 6 + 4 - -43)
78
What is -83 + -1 + 7 + (-28 + 32 - 20)?
-93
What is the value of -31 + 34 - 30 - (0 - 15)?
-12
What is the value of 42 + -11 + -24 + (9 - 3) 